{"id":102,"date":"2015-02-14T13:47:28","date_gmt":"2015-02-14T13:47:28","guid":{"rendered":"https:\/\/netcomp-wolbrom.pl\/?page_id=102"},"modified":"2024-03-28T09:26:50","modified_gmt":"2024-03-28T08:26:50","slug":"o-firmie","status":"publish","type":"page","link":"https:\/\/netcomp-wolbrom.pl\/?page_id=102","title":{"rendered":"O firmie"},"content":{"rendered":"<p><strong>Stale staramy si\u0119 by\u0107 wyj\u0105tkow\u0105 firm\u0105.Koncentrujemy si\u0119 na dostarczaniu wysokiej jako\u015bci\u00a0\u00a0 produkt\u00f3w\u00a0\u00a0\u00a0\u00a0 i us\u0142ug dla naszych klient\u00f3w. Dodatkowo, nasze wysi\u0142ki wykraczaj\u0105 poza dostarczanie wyj\u0105tkowych produkt\u00f3w i us\u0142ug tym, kt\u00f3rzy ich potrzebuj\u0105. Bierzemy udzia\u0142 w wielu inicjatywach, aby stale rozwija\u0107 nasz\u0105 bran\u017c\u0119.<\/strong><\/p>\n<p><strong>Firma\u00a0\u00a0 NET COMP wdra\u017ca strategi\u0119, aby przyspieczy\u0107 rozw\u00f3j\u00a0 poprzez innowacj\u0119 \u00a0 \u00a0 \u00a0 \u00a0 \u00a0 i wzmacnianie mo\u017cliwo\u015bci wsp\u00f3\u0142pracy z obecnymi oraz przysz\u0142ymi klientami firmy.<\/strong><\/p>\n","protected":false},"excerpt":{"rendered":"<p>Stale staramy si\u0119 by\u0107 wyj\u0105tkow\u0105 firm\u0105.Koncentrujemy si\u0119 na dostarczaniu wysokiej jako\u015bci\u00a0\u00a0 produkt\u00f3w\u00a0\u00a0\u00a0\u00a0 i us\u0142ug dla naszych klient\u00f3w. Dodatkowo, nasze wysi\u0142ki wykraczaj\u0105 poza dostarczanie wyj\u0105tkowych produkt\u00f3w i us\u0142ug tym, kt\u00f3rzy ich potrzebuj\u0105. Bierzemy udzia\u0142 w wielu inicjatywach, aby stale rozwija\u0107 nasz\u0105 bran\u017c\u0119. Firma\u00a0\u00a0 NET COMP wdra\u017ca strategi\u0119, aby przyspieczy\u0107 rozw\u00f3j\u00a0 poprzez innowacj\u0119 \u00a0 \u00a0 \u00a0 \u00a0 &hellip; <a href=\"https:\/\/netcomp-wolbrom.pl\/?page_id=102\" class=\"more-link\">Czytaj dalej <span class=\"screen-reader-text\">O firmie<\/span> <span class=\"meta-nav\">&rarr;<\/span><\/a><\/p>\n","protected":false},"author":1,"featured_media":0,"parent":0,"menu_order":0,"comment_status":"closed","ping_status":"open","template":"","meta":{"footnotes":""},"class_list":["post-102","page","type-page","status-publish","hentry"],"_links":{"self":[{"href":"https:\/\/netcomp-wolbrom.pl\/index.php?rest_route=\/wp\/v2\/pages\/102","targetHints":{"allow":["GET"]}}],"collection":[{"href":"https:\/\/netcomp-wolbrom.pl\/index.php?rest_route=\/wp\/v2\/pages"}],"about":[{"href":"https:\/\/netcomp-wolbrom.pl\/index.php?rest_route=\/wp\/v2\/types\/page"}],"author":[{"embeddable":true,"href":"https:\/\/netcomp-wolbrom.pl\/index.php?rest_route=\/wp\/v2\/users\/1"}],"replies":[{"embeddable":true,"href":"https:\/\/netcomp-wolbrom.pl\/index.php?rest_route=%2Fwp%2Fv2%2Fcomments&post=102"}],"version-history":[{"count":17,"href":"https:\/\/netcomp-wolbrom.pl\/index.php?rest_route=\/wp\/v2\/pages\/102\/revisions"}],"predecessor-version":[{"id":248,"href":"https:\/\/netcomp-wolbrom.pl\/index.php?rest_route=\/wp\/v2\/pages\/102\/revisions\/248"}],"wp:attachment":[{"href":"https:\/\/netcomp-wolbrom.pl\/index.php?rest_route=%2Fwp%2Fv2%2Fmedia&parent=102"}],"curies":[{"name":"wp","href":"https:\/\/api.w.org\/{rel}","templated":true}]}}