{"id":106,"date":"2015-02-14T13:49:28","date_gmt":"2015-02-14T13:49:28","guid":{"rendered":"https:\/\/netcomp-wolbrom.pl\/?page_id=106"},"modified":"2017-12-17T12:02:31","modified_gmt":"2017-12-17T11:02:31","slug":"komputery","status":"publish","type":"page","link":"https:\/\/netcomp-wolbrom.pl\/?page_id=106","title":{"rendered":"Komputery"},"content":{"rendered":"<h5 style=\"text-align: center;\">Szeroki asortyment komputer\u00f3w stacjonarnych<\/h5>\n<h5 style=\"text-align: center;\">\u015bwiatowych marek , laptop\u00f3w , POS-\u00f3w dotykowych<\/h5>\n<h5 style=\"text-align: center;\">monitor\u00f3w oraz urz\u0105dze\u0144 peryferyjnych<\/h5>\n<h5 style=\"text-align: center;\">dobierzemy dla Pa\u0144stwa w zale\u017cno\u015bci od potrzeb.<\/h5>\n<h5 style=\"text-align: center;\">\u015awiadczymy us\u0142ugi w rozbudowie ,<\/h5>\n<h5 style=\"text-align: center;\">konfiguracji oraz instalacji oprogramowania<\/h5>\n<h5 style=\"text-align: center;\">od ma\u0142ych jednostek domowych po serwery .<\/h5>\n<h5 style=\"text-align: center;\">D\u0142ugoletnie do\u015bwiadczenie zapewnia profesjonalne<\/h5>\n<h5 style=\"text-align: center;\">doradztwo oraz serwis zakupionego sprz\u0119tu.<\/h5>\n<p><a href=\"https:\/\/netcomp-wolbrom.pl\/wp-content\/uploads\/2015\/02\/banner.jpg\"><img loading=\"lazy\" decoding=\"async\" class=\"alignnone size-large wp-image-278\" src=\"https:\/\/netcomp-wolbrom.pl\/wp-content\/uploads\/2015\/02\/banner-1024x278.jpg\" alt=\"banner\" width=\"604\" height=\"164\" srcset=\"https:\/\/netcomp-wolbrom.pl\/wp-content\/uploads\/2015\/02\/banner-1024x278.jpg 1024w, https:\/\/netcomp-wolbrom.pl\/wp-content\/uploads\/2015\/02\/banner-300x81.jpg 300w, https:\/\/netcomp-wolbrom.pl\/wp-content\/uploads\/2015\/02\/banner-768x208.jpg 768w, https:\/\/netcomp-wolbrom.pl\/wp-content\/uploads\/2015\/02\/banner.jpg 1284w\" sizes=\"auto, (max-width: 604px) 100vw, 604px\" \/><\/a><\/p>\n<p><a href=\"https:\/\/netcomp-wolbrom.pl\/wp-content\/uploads\/2015\/02\/banner2db.jpg\"><img loading=\"lazy\" decoding=\"async\" class=\"alignnone size-large wp-image-276\" src=\"https:\/\/netcomp-wolbrom.pl\/wp-content\/uploads\/2015\/02\/banner2db-1024x278.jpg\" alt=\"banner2db\" width=\"604\" height=\"164\" srcset=\"https:\/\/netcomp-wolbrom.pl\/wp-content\/uploads\/2015\/02\/banner2db-1024x278.jpg 1024w, https:\/\/netcomp-wolbrom.pl\/wp-content\/uploads\/2015\/02\/banner2db-300x81.jpg 300w, https:\/\/netcomp-wolbrom.pl\/wp-content\/uploads\/2015\/02\/banner2db-768x208.jpg 768w, https:\/\/netcomp-wolbrom.pl\/wp-content\/uploads\/2015\/02\/banner2db.jpg 1284w\" sizes=\"auto, (max-width: 604px) 100vw, 604px\" \/><\/a><\/p>\n<p><a href=\"https:\/\/netcomp-wolbrom.pl\/wp-content\/uploads\/2015\/02\/3281-300x300.jpg\"><img loading=\"lazy\" decoding=\"async\" class=\"alignnone size-full wp-image-311\" src=\"https:\/\/netcomp-wolbrom.pl\/wp-content\/uploads\/2015\/02\/3281-300x300.jpg\" alt=\"\" width=\"300\" height=\"300\" srcset=\"https:\/\/netcomp-wolbrom.pl\/wp-content\/uploads\/2015\/02\/3281-300x300.jpg 300w, https:\/\/netcomp-wolbrom.pl\/wp-content\/uploads\/2015\/02\/3281-300x300-150x150.jpg 150w\" sizes=\"auto, (max-width: 300px) 100vw, 300px\" \/><\/a><\/p>\n","protected":false},"excerpt":{"rendered":"<p>Szeroki asortyment komputer\u00f3w stacjonarnych \u015bwiatowych marek , laptop\u00f3w , POS-\u00f3w dotykowych monitor\u00f3w oraz urz\u0105dze\u0144 peryferyjnych dobierzemy dla Pa\u0144stwa w zale\u017cno\u015bci od potrzeb. \u015awiadczymy us\u0142ugi w rozbudowie , konfiguracji oraz instalacji oprogramowania od ma\u0142ych jednostek domowych po serwery . D\u0142ugoletnie do\u015bwiadczenie zapewnia profesjonalne doradztwo oraz serwis zakupionego sprz\u0119tu.<\/p>\n","protected":false},"author":1,"featured_media":0,"parent":0,"menu_order":0,"comment_status":"closed","ping_status":"open","template":"","meta":{"footnotes":""},"class_list":["post-106","page","type-page","status-publish","hentry"],"_links":{"self":[{"href":"https:\/\/netcomp-wolbrom.pl\/index.php?rest_route=\/wp\/v2\/pages\/106","targetHints":{"allow":["GET"]}}],"collection":[{"href":"https:\/\/netcomp-wolbrom.pl\/index.php?rest_route=\/wp\/v2\/pages"}],"about":[{"href":"https:\/\/netcomp-wolbrom.pl\/index.php?rest_route=\/wp\/v2\/types\/page"}],"author":[{"embeddable":true,"href":"https:\/\/netcomp-wolbrom.pl\/index.php?rest_route=\/wp\/v2\/users\/1"}],"replies":[{"embeddable":true,"href":"https:\/\/netcomp-wolbrom.pl\/index.php?rest_route=%2Fwp%2Fv2%2Fcomments&post=106"}],"version-history":[{"count":9,"href":"https:\/\/netcomp-wolbrom.pl\/index.php?rest_route=\/wp\/v2\/pages\/106\/revisions"}],"predecessor-version":[{"id":431,"href":"https:\/\/netcomp-wolbrom.pl\/index.php?rest_route=\/wp\/v2\/pages\/106\/revisions\/431"}],"wp:attachment":[{"href":"https:\/\/netcomp-wolbrom.pl\/index.php?rest_route=%2Fwp%2Fv2%2Fmedia&parent=106"}],"curies":[{"name":"wp","href":"https:\/\/api.w.org\/{rel}","templated":true}]}}