{"id":110,"date":"2015-02-14T13:51:05","date_gmt":"2015-02-14T13:51:05","guid":{"rendered":"https:\/\/netcomp-wolbrom.pl\/?page_id=110"},"modified":"2019-06-21T12:49:52","modified_gmt":"2019-06-21T10:49:52","slug":"oprogramowanie-dla-firm","status":"publish","type":"page","link":"https:\/\/netcomp-wolbrom.pl\/?page_id=110","title":{"rendered":"Oprogramowanie dla firm"},"content":{"rendered":"<h5 style=\"text-align: center;\">Oferowane przez nasz\u0105 firm\u0119 oprogramowanie<\/h5>\n<h5 style=\"text-align: center;\">handlowo-magazynowe oraz do<\/h5>\n<h5 style=\"text-align: center;\">prowadzenia ksi\u0119gowo\u015bci oraz gastronomii<\/h5>\n<h5 style=\"text-align: center;\">polskich producent\u00f3w : COMARCH , INSERT , MERCO, INSOFT<\/h5>\n<h5 style=\"text-align: center;\">Sprzeda\u017c , serwis oraz profesjonalne wdro\u017cenie<\/h5>\n<h5 style=\"text-align: center;\">przez naszych specjalist\u00f3w<\/h5>\n<h5 style=\"text-align: center;\">Zapraszamy do wsp\u00f3\u0142pracy firmy produkcyjne ,<\/h5>\n<h5 style=\"text-align: center;\">handlowe , us\u0142ugowe , transportowe, gastronomiczne<\/h5>\n<p><a href=\"https:\/\/www.comarch.pl\/\"><img loading=\"lazy\" decoding=\"async\" class=\"alignnone wp-image-14 size-medium\" src=\"https:\/\/netcomp-wolbrom.pl\/wp-content\/uploads\/2015\/02\/Comarch_logo_2009_RGB-300x451-300x45.png\" alt=\"Comarch_logo_2009_RGB-300x45\" width=\"300\" height=\"45\" \/><\/a><\/p>\n<p><a href=\"https:\/\/www.insert.com.pl\"><img loading=\"lazy\" decoding=\"async\" class=\"alignright wp-image-48 \" src=\"https:\/\/netcomp-wolbrom.pl\/wp-content\/uploads\/2015\/02\/InsERT-300x80.jpg\" alt=\"Drukowanie\" width=\"221\" height=\"59\" srcset=\"https:\/\/netcomp-wolbrom.pl\/wp-content\/uploads\/2015\/02\/InsERT-300x80.jpg 300w, https:\/\/netcomp-wolbrom.pl\/wp-content\/uploads\/2015\/02\/InsERT-1024x274.jpg 1024w, https:\/\/netcomp-wolbrom.pl\/wp-content\/uploads\/2015\/02\/InsERT.jpg 1232w\" sizes=\"auto, (max-width: 221px) 100vw, 221px\" \/><\/a><\/p>\n<p>&nbsp;<\/p>\n<p><a href=\"https:\/\/www.merco.pl\/\"><img loading=\"lazy\" decoding=\"async\" class=\"alignnone wp-image-429 size-full\" src=\"https:\/\/netcomp-wolbrom.pl\/wp-content\/uploads\/2017\/12\/86cb82_1de9da473bfb408aa09e9b5c146e0602mv2.png\" alt=\"\" width=\"331\" height=\"83\" srcset=\"https:\/\/netcomp-wolbrom.pl\/wp-content\/uploads\/2017\/12\/86cb82_1de9da473bfb408aa09e9b5c146e0602mv2.png 331w, https:\/\/netcomp-wolbrom.pl\/wp-content\/uploads\/2017\/12\/86cb82_1de9da473bfb408aa09e9b5c146e0602mv2-300x75.png 300w\" sizes=\"auto, (max-width: 331px) 100vw, 331px\" \/>\u00a0\u00a0\u00a0<\/a><\/p>\n<p><a href=\"http:\/\/www.insoft.com.pl\"><img loading=\"lazy\" decoding=\"async\" class=\"aligncenter wp-image-573\" src=\"https:\/\/netcomp-wolbrom.pl\/wp-content\/uploads\/2019\/05\/insoft-I-v5-logos-v2_kolor.jpg\" alt=\"\" width=\"558\" height=\"331\" srcset=\"https:\/\/netcomp-wolbrom.pl\/wp-content\/uploads\/2019\/05\/insoft-I-v5-logos-v2_kolor.jpg 555w, https:\/\/netcomp-wolbrom.pl\/wp-content\/uploads\/2019\/05\/insoft-I-v5-logos-v2_kolor-300x178.jpg 300w\" sizes=\"auto, (max-width: 558px) 100vw, 558px\" \/><\/a><\/p>\n","protected":false},"excerpt":{"rendered":"<p>Oferowane przez nasz\u0105 firm\u0119 oprogramowanie handlowo-magazynowe oraz do prowadzenia ksi\u0119gowo\u015bci oraz gastronomii polskich producent\u00f3w : COMARCH , INSERT , MERCO, INSOFT Sprzeda\u017c , serwis oraz profesjonalne wdro\u017cenie przez naszych specjalist\u00f3w Zapraszamy do wsp\u00f3\u0142pracy firmy produkcyjne , handlowe , us\u0142ugowe , transportowe, gastronomiczne &nbsp; \u00a0\u00a0\u00a0<\/p>\n","protected":false},"author":1,"featured_media":0,"parent":0,"menu_order":0,"comment_status":"closed","ping_status":"open","template":"","meta":{"footnotes":""},"class_list":["post-110","page","type-page","status-publish","hentry"],"_links":{"self":[{"href":"https:\/\/netcomp-wolbrom.pl\/index.php?rest_route=\/wp\/v2\/pages\/110","targetHints":{"allow":["GET"]}}],"collection":[{"href":"https:\/\/netcomp-wolbrom.pl\/index.php?rest_route=\/wp\/v2\/pages"}],"about":[{"href":"https:\/\/netcomp-wolbrom.pl\/index.php?rest_route=\/wp\/v2\/types\/page"}],"author":[{"embeddable":true,"href":"https:\/\/netcomp-wolbrom.pl\/index.php?rest_route=\/wp\/v2\/users\/1"}],"replies":[{"embeddable":true,"href":"https:\/\/netcomp-wolbrom.pl\/index.php?rest_route=%2Fwp%2Fv2%2Fcomments&post=110"}],"version-history":[{"count":12,"href":"https:\/\/netcomp-wolbrom.pl\/index.php?rest_route=\/wp\/v2\/pages\/110\/revisions"}],"predecessor-version":[{"id":586,"href":"https:\/\/netcomp-wolbrom.pl\/index.php?rest_route=\/wp\/v2\/pages\/110\/revisions\/586"}],"wp:attachment":[{"href":"https:\/\/netcomp-wolbrom.pl\/index.php?rest_route=%2Fwp%2Fv2%2Fmedia&parent=110"}],"curies":[{"name":"wp","href":"https:\/\/api.w.org\/{rel}","templated":true}]}}